**5/20 + w**4/12 - w**3/3 - 10*w**2. Give c(a).
6
Let b(w) be the third derivative of -w**6/720 - w**5/120 + w**4/8 - 3*w**2. Let s(o) be the second derivative of b(o). Calculate s(-4).
3
Let t(x) = -x**3 + 6*x**2 - x - 3. Let l = 150 + -146. Determine t(l).
25
Let o(n) = 2*n - 4. Suppose -29*h - 3*w - 16 = -31*h, 0 = -4*h + 3*w + 20. Give o(h).
0
Let i(t) = -t - 33. Suppose -7*k = 39*k. Calculate i(k).
-33
Let r(v) = -v**2 + 12*v + 20. Let p be r(13). Suppose h + 11 - p = 0. Let q(w) = w**2 + 4*w - 2. Calculate q(h).
-2
Let r(z) be the first derivative of -z**3/3 - 5*z**2/2 + 3*z + 386. What is r(-6)?
-3
Let d(g) = -28 + 4*g + 7*g - 5*g + 0*g - 11. Calculate d(7).
3
Suppose -3 + 0 = -j. Suppose 1 = -3*h + r - 2, 5*h = -r + j. Suppose -3*b - k = 19, h = -3*b + 4*b + 2*k + 13. Let x(c) = c - 1. Calculate x(b).
-6
Suppose -12*o - 114 + 42 = 0. Let r(k) = -2*k - 11. Determine r(o).
1
Suppose 0 = 4*c - 9 - 3. Let i(w) = 4*w - w**3 - 4*w + 3*w - c*w**2 - 1 - 5*w. Calculate i(-2).
-1
Let s(l) be the first derivative of -3*l**2/2 - 5*l + 28. Give s(-6).
13
Let p = -500/3 + 167. Let u(y) be the third derivative of p*y**3 + 0*y + 4*y**2 - 1/120*y**6 - 1/10*y**5 + 0 - 1/4*y**4. Determine u(-5).
7
Let u(r) be the first derivative of 5*r**4/24 + 2*r**3/3 - r**2/2 + 1. Let s(z) be the second derivative of u(z). Let b = -530 + 527. Calculate s(b).
-11
Let c be ((-414)/15)/((-3)/10). Let m(z) = c - z - 183 + 87. Let k be -1*1 + (0 - 5). Calculate m(k).
2
Let k(n) = -n**2 - 6*n + 2. Let g(p) = -p**2 + 9*p - 1. Let f be g(9). Let d be (3 + f + -3)*3. Determine k(d).
11
Let t(u) = -u**3 + 2*u**2 + u + 3. Let g be t(3). Let z(x) = 76*x - 154*x + 77*x. Determine z(g).
3
Let j(l) = l + 3. Let d(i) = -1. Let f(q) = 17*d(q) + 6*j(q). Let k(r) = -r - 26. Let u be k(-24). Determine f(u).
-11
Let m(i) = i**2 - 4*i - 8. Let q be m(-2). Suppose 0 = -w - q*w - 20. Let u(b) = b**3 + 3*b**2 - 4*b - 3. Calculate u(w).
-3
Let a(t) = t**3 + 4*t**2 - 4*t + 5. Let d(p) = -3*p**2 - 2*p + 6. Let i be d(-4). Let k = i + 29. Calculate a(k).
0
Let x(b) = -3*b - 3. Suppose -8 + 4 = -4*c + h, 5*h = -2*c + 24. Suppose -c*n = -3*r + 25, -3*r - 2*n - 5 = -2*r. What is x(r)?
-18
Let j(t) = 5*t - 1. Let p(c) = -c + 1. Let h(g) = -j(g) - 2*p(g). Give h(-5).
14
Let n(c) = 7*c**3 - 2*c**2 - 12*c + 2. Let a(t) = 11*t**3 - 3*t**2 - 19*t + 3. Let b(h) = -5*a(h) + 8*n(h). Suppose 3*o + 2*w = 5 - 0, -3*o + 7 = w. Give b(o).
16
Let a(x) be the third derivative of -x**4/24 + x**3/6 + 75*x**2. Calculate a(-6).
7
Let q(f) = 3*f. Let s(h) = 10*h - 1. Let m(b) = -7*q(b) + 2*s(b). Let a be m(-6). Suppose -a*g - g = 20. Let v(w) = 2*w**2 + 6*w. Determine v(g).
8
Suppose 3 + 13 = 4*n. Let x(b) be the third derivative of -b**4/8 - b**3/2 - 15*b**2. What is x(n)?
-15
Let y(k) = k**3 - 2*k**2 + k - 2. Let m be y(2). Suppose 3*c - 5*t - 16 = m, -t - t = -c + 6. Let p(o) = -1 + 2 - 5 + c - o. Give p(4).
-6
Let r be -3 - (2 + (-8 - -3)). Let a(w) be the third derivative of -4*w**2 + 0 - 1/24*w**4 + 1/3*w**3 + 0*w. Determine a(r).
2
Suppose 0 = -5*s - 10*s + 75. Let l(c) = -3*c - 1. Let p(k) = 4*k. Let d(t) = s*l(t) + 4*p(t). Calculate d(5).
0
Let v(r) = -2*r**2. Let w(j) = 6*j**2 + 3*j - 1. Let m(c) = v(c) + w(c). What is m(1)?
6
Let o(m) = -m + 4. Let w(f) = f**3 - 9*f**2 + 3*f - 20. Let u be w(9). Give o(u).
-3
Let p(d) be the third derivative of -d**6/120 - d**5/60 + d**3 + 121*d**2 - 2. Calculate p(0).
6
Let m(o) = o**2 - 11*o - 4. Let d(v) = -3*v**2 + 23*v + 8. Let t(y) = 2*d(y) + 5*m(y). Suppose 0*b = -b - 9. Let w be t(b). Let h(j) = 2*j - 2. Determine h(w).
-10
Let g(r) be the third derivative of -r**4/24 + 4*r**3/3 + 37*r**2. What is g(6)?
2
Let i(w) = w - 12. Let h be i(14). Suppose r + 3*q - 4*q + 9 = 0, -h*r + 4*q = 22. Let j(v) = -v**3 - 6*v**2 + 6*v - 8. What is j(r)?
-1
Let j(k) = 12*k. Suppose q - 17 = -25. Let g(z) = -z**2 - 10*z - 9. Let v be g(q). Suppose -2*o - 7 = -3*f, v = 2*o + 2*o + f. What is j(o)?
12
Let i(k) be the second derivative of -k**5/20 - k**4/12 - 9*k**2/2 - 23*k. Let n = 22 + -22. Give i(n).
-9
Let b(m) be the first derivative of m**4/4 + 5*m**3/3 + m**2/2 + 4*m - 4. Let v be (-36)/(-8)*-1 - (-1)/(-2). Determine b(v).
-1
Let u(o) = -115 + 220 - 104 - o**2 + 10*o. Determine u(8).
17
Let v be (-4)/(-8) + (-3)/6 + -2. Let c(m) = -3*m + 5. Let d(f) = f + 1. Let t(q) = v*d(q) - c(q). Suppose 3*r - 23 = 4*b, r + 3*r - 22 = b. Determine t(r).
-2
Suppose -4*d + 96 = -4*n, 99 = d + 3*d - n. Let b = d + -21. Let l be ((-32)/(-24))/(b/9). Let s(f) = -2*f - 2. Calculate s(l).
-8
Let j(m) = -4*m**2 + 5*m**3 + 9*m**2 - 6*m + 7*m**2 - 1 - 5. Let d(f) = f**3 + f**2 - 1. Let y(s) = -6*d(s) + j(s). Calculate y(4).
8
Let m(r) = -r**2 + 6*r - 3. Let v(u) = -u**3 - 6*u**2 + 3. Let z be v(-6). Suppose -l - 3*l = -z*j - 87, j = 3. Suppose l = -4*a + 8*a. What is m(a)?
-3
Let s(z) = -2*z + 1. Suppose 0 = 3*a - 2*a - 7. Suppose -r = 2*m - 1, r = -4 + a. What is s(m)?
3
Let s(h) = 2*h**3 - 8*h**2 + 5*h - 3. Let l(q) = 2*q**3 - 7*q**2 + 5*q - 4. Let o(b) = -5*l(b) + 6*s(b). Give o(6).
-4
Let u(z) = z - 1. Let b(v) = v**3 + 2*v**2 - 5*v + 5. Let r be b(-3). Let c = 12 - r. Give u(c).
0
Let q(v) = -14*v**2 - v**3 - 4653*v + 12*v**2 + 4652*v - 4. Calculate q(-3).
8
Let b(s) be the second derivative of -s**4/12 + 5*s**3/6 - 11*s**2/2 - 4*s. Let k be b(2). Let t(h) = h**2 + 5*h - 3. What is t(k)?
-3
Let y(h) = 1 + 4*h + 0*h**2 + 4*h**2 - 3*h**2. Let g(k) = -5*k + 31. Let l be g(6). Suppose 0 = 3*j + l + 5. What is y(j)?
-3
Let p be 48/(-22) - (-22)/121. Let n be p/14 + (-400)/140. Let k(g) = 3*g - 4. Calculate k(n).
-13
Let i(w) be the second derivative of w**5/20 + 11*w**4/12 + 5*w**3/3 - w**2/2 - 42*w. Suppose m = -4*m + h - 54, -3*m - 22 = 2*h. What is i(m)?
-1
Let x be 1/(((-2)/12)/1). Let c = -130 - -132. Let w(u) = 7 + 3*u**3 - 5*u**2 - 2*u**3 - u**c + 8*u + 13*u**2. Determine w(x).
-5
Let k(d) = d**3 - 8*d**2 - 7*d - 8. Suppose -3 - 15 = -2*r. Let i be k(r). Suppose 2*m + i = 4. Let n(h) = h**3 + 2*h**2 - 4*h - 1. Determine n(m).
2
Let g(a) = a**3 - 2*a**2 - a - 4. Let k(m) = 2*m + 35. Let c be k(-16). Give g(c).
2
Let b(w) = -w**3 + 2*w**2 - w - 1. Let s = 296 + -295. Calculate b(s).
-1
Let m(a) = 4*a**2 + 26 - 5*a**2 + 0*a**2 - 8*a - 13. Give m(-9).
4
Let c(x) = -x. Let o(j) = j**2 + 3*j - 3. Let m be ((-6)/(-12))/((-1)/2). Let h(l) = m*o(l) - 3*c(l). Calculate h(4).
-13
Let j(q) = -9 - 4*q + 15 - 5*q**2 + 8*q**2 - q**3. Let b be j(3). Let p(t) = -7*t + 10. Let w(r) = -r + 1. Let y(o) = p(o) - 6*w(o). Determine y(b).
10
Suppose -26 = -17*g + 4*g. Let y(m) = 0 + g - 5*m - 52*m**2 + 24*m**2 - m**3 + 21*m**2. Determine y(-5).
-23
Suppose -f + 5 = 2. Let k(l) = 0*l - l**2 - 3 + l**f + 5 + l. Give k(0).
2
Let d be (-1*1)/(6/(-66)). Let w = d - 8. Let t(p) = w*p - 6*p + p**2 + 5*p + 1 - 3*p. Determine t(2).
3
Let n(b) be the second derivative of b**5/20 - 7*b**4/12 + b**3 - 7*b**2/2 + b. Let z be ((-38)/(-38))/(3/18). Calculate n(z).
-7
Let r(x) = x**3 - 4*x**2 + x + 3. Let i(u) = -12*u + 52. Let y be i(4). What is r(y)?
7
Suppose 0 = -3*h + 2*g + 13, g + 0 = h - 5. Let n(x) = -197*x - 3 + x**2 + 202*x + x**3 - 2*x**3 + 0*x**3. Give n(h).
-6
Let s(k) = 11*k**3 + 4*k + 9. Let y(p) = -9*p**3 + p**2 - 3*p - 8. Let j(a) = 4*s(a) + 5*y(a). Give j(5).
1
Let r(s) = 6. Let t(c) = c + 6. Let d be (-4)/(55/15 + -5). Let m(q) = d*t(q) - 2*r(q). Determine m(7).
27
Let d(c) = c**2 + 7*c + 7. Let q be d(-6). Let m(t) = -t + 0*t - 2*t - 2*t + q. Suppose 5*b - 17 = 3*f, -3*b = -5*f - 2*b + 1. Determine m(f).
-4
Let u(i) = -4*i**2 + 3*i + 2. Let x be (-20)/(-6) - (-4)/(-3). Give u(x).
-8
Let u(f) be the third derivative of -f**6/120 + f**5/10 + f**4/24 - f**3/3 + 184*f**2. What is u(4)?
34
Let b be ((-28)/(-6))/((-26)/39). Let p(s) = s**3 + 8*s**2 + 8*s + 1. What is p(b)?
-6
Let s(h) be the third derivative of -h**6/60 - h**5/60 + h**4/24 - h**3/6 + h**2 + 18*h. What is s(-2)?
9
Let k(x) = -13*x - 1. Let v(g) = -3*g. Let r(j) = -2*k(j) + 9*v(j). Let u = 1078 - 1068. Determine r(u).
-8
Let f(j) be the second derivative of -j**4/24 - 2*j**3/3 - 4*j**2 - 18*j. Let h(r) be the first derivative of f(r). Suppose -z + 2*z = -3. What is h(z)?
-1
Let i(v) be the second derivative of 0*v**3 + 1/20*v**5 + 0 - 13*v + 1/2*v**2 - 